d by 12?
10
Suppose 20*c - 24*c = -40. Let t(s) = s**2 + 2*s - 4. Suppose 0*f + 5*f = -20. What is the remainder when c is divided by t(f)?
2
Let u(r) = -r**2 - 12*r + 7. Let l be (10/3)/((-1)/3). What is the remainder when u(l) is divided by 7?
6
Let x = -148 + 233. Suppose -6*m + x = -m. Suppose 0 = 5*q + 2*d - 237, 4*q - 216 = d + 4*d. Calculate the remainder when q is divided by m.
15
Let t(m) = -m**3 - 5*m**2 - 6*m - 6. Let h be t(-4). Calculate the remainder when 46*1 + (h - 5) is divided by 15.
13
Let r(j) = 2*j - 5. Suppose -184 = -10*k - 4. What is the remainder when k is divided by r(5)?
3
Calculate the remainder when -1 + 43 + -5 + 2 is divided by 20.
19
Let j be (-11 - -2)*3/3. Let p = -6 - j. What is the remainder when p is divided by 1?
0
Suppose -60 = 3*c - 7*c. Calculate the remainder when 102 is divided by c.
12
Let n = -3 - -9. Calculate the remainder when (-2)/(-5) + (-371)/(-35) is divided by n.
5
Let v(m) = 26*m - 12. What is the remainder when 53 is divided by v(1)?
11
Suppose 5*i = -3*z + 269, 197 = 5*i - 3*z - 54. What is the remainder when i is divided by 9?
7
Let h(x) = x**2 + 8*x + 2. Let a(g) = 1. Let k(s) = -a(s) - h(s). Calculate the remainder when 33 is divided by k(-3).
9
What is the remainder when (54/(-2))/(-3) + -2 is divided by 2?
1
Calculate the remainder when (2/(-3))/((-4)/642) is divided by 3 + (-2 - -3) + 23.
26
Let u(l) = -l + 59. Suppose -42*c + 44*c - 30 = 0. What is the remainder when u(0) is divided by c?
14
Suppose -w + 32 = y, 3*w = 5*y + 33 + 23. Calculate the remainder when w is divided by 15.
12
Let g(d) = -d**2 + 13*d - 2. Let f be 1/(-1)*(0 - 0). Suppose 2*n - 28 = -f. What is the remainder when g(6) is divided by n?
12
Let q be (-2)/(-3) + (-176)/(-24). Suppose y - 4 = q. What is the remainder when 34 is divided by y?
10
Suppose -2*a = 5*t + a - 165, 0 = 2*a + 10. Suppose 0 = k - 3*k - 2*v + 12, -k = -5*v - t. Let b = k + -7. What is the remainder when 7 is divided by b?
3
What is the remainder when 15 is divided by 1 - (-2 + 2 - 9)?
5
Calculate the remainder when -2 + 60/(-4 + 6) is divided by 11.
6
Let u be 1*9 - (-4 - -6). Suppose s = u - 2. Calculate the remainder when 13 is divided by s.
3
Let l(h) = 2*h**2 + 7*h + 2. Suppose -x + 26 = -c - 1, x - 3*c - 31 = 0. Calculate the remainder when l(-8) is divided by x.
24
Let r(d) = -d**3 + 13*d**2 + d + 14. Calculate the remainder when 106 is divided by r(13).
25
Suppose 4*b = -b + 1025. Suppose 4*s = -s + b. What is the remainder when s is divided by 14?
13
Let j(y) = y + 3 - 4*y**2 - 1 - 2*y**2 + 7*y**2. Let a be j(0). Suppose v + 2*x - 62 = -a*x, -x = -1. What is the remainder when v is divided by 15?
13
Suppose 3 = t + q, -4*q = 18 + 2. Suppose 0*b = 5*b - 2*v - 112, 2*b = 2*v + 46. What is the remainder when b is divided by t?
6
Let s = -2 + 7. Suppose 0 = 2*b - b - s. Calculate the remainder when 17 is divided by b.
2
Let h(z) = -z**2 - 9*z. Calculate the remainder when 64 is divided by h(-6).
10
Suppose 0 = -5*q - s + 216, q - 56 = 4*s + 4. Suppose -t + 3*t - q = 0. What is the remainder when 43 is divided by t?
21
Let v be 3*-1 + 480/(-5). Let p = v - -146. Calculate the remainder when p is divided by 12.
11
Let j = 29 + -24. Suppose -176 = -9*r + j*r. What is the remainder when r is divided by 15?
14
Suppose 5*w = -5*a + 100, 31 = 2*a + 3*w - 11. Suppose 4*z - 3*j - 22 = 0, -3*z + j = -0*j - 19. Calculate the remainder when a is divided by z.
4
Let r(j) = j**3 + 5*j**2 + 2*j - 3. Let s be r(-4). Suppose -s*a + 5*u + 45 = 0, u + 4 = -1. What is the remainder when 5 is divided by a?
1
Suppose 0 = 2*y - 0 + 4. Let i(n) = n**2 + 2*n + 2. Let w be i(y). Suppose 55 = 5*b + 4*l, w*b - 4*l - 12 = 38. What is the remainder when b is divided by 8?
7
Suppose 26*y = 22*y + 168. Calculate the remainder when y is divided by 3*(0 - 22/(-6)).
9
Suppose -3*g = 4*s - 91, 3*g + 46 = 3*s + 130. Let x = -11 + 11. Suppose x = 3*w - 3 - 27. Calculate the remainder when g is divided by w.
9
What is the remainder when 83 is divided by (-80)/(-4) + (3 - 2)?
20
Let m be (-6)/9*6/(-2). Let t(a) = 2*a**3 - 2*a**2 + a - 2. Calculate the remainder when t(m) is divided by 5.
3
Let r = 78 - 44. Calculate the remainder when r is divided by 12.
10
Suppose o = 2*o. Suppose 190 = -2*z + 7*z. Calculate the remainder when z is divided by o/(-2) + 11 + 2.
12
Suppose 4*r + m - 11 = 49, 3*r - 5*m - 45 = 0. What is the remainder when 59 is divided by r?
14
Let g be (1 - 1)*(-4)/12. Suppose -3*p + 27 + 54 = g. Calculate the remainder when p is divided by 15.
12
Suppose -a + 6 = 2*a. Let x(z) be the first derivative of 7*z**2/2 - 3*z - 1. What is the remainder when x(a) is divided by 4?
3
Calculate the remainder when 5 is divided by (-14)/3*15/(-10) - 2.
0
Let h(z) = z**3 + 5*z**2 + 5*z + 4. Let t be h(-3). Let v(k) = 3*k + 9. Calculate the remainder when v(t) is divided by 11.
8
What is the remainder when 5/((-35)/(-18))*7 - 0 is divided by 10?
8
Let p(u) = u + 6. Let q be p(0). Suppose -l - q = -2*l. What is the remainder when 11 is divided by l?
5
Suppose 4*w + 2*v = 12, -2*v = -2*w - 0*v. Suppose 4*s + 5*n = 29, -5*s - w*n + 32 = -0*s. What is the remainder when s is divided by 4?
2
Let f(w) be the first derivative of 27*w**2/2 - w + 1. Calculate the remainder when f(2) is divided by 18.
17
Suppose -3*u - u = -100. What is the remainder when 47 is divided by u?
22
Let g(l) = -l**3 - l**2 - l + 51. Calculate the remainder when g(0) is divided by 13.
12
Let l(h) = 3*h - 1. Let i be l(2). Suppose 5*d = 3*u + 116, u + 12 = i*u. Calculate the remainder when d is divided by 13.
12
Let d be 23 - (7 + 2 + -6). Suppose -44 = -2*v + d. Calculate the remainder when 63 is divided by v.
31
Suppose r + r - 6 = 0. Suppose r*l - l = 26. Suppose 74 = 3*u - h + 3*h, 5*u + 3*h = 123. Calculate the remainder when u is divided by l.
11
Suppose 0 = -5*w + 130 + 70. What is the remainder when 10/w + 326/8 is divided by 11?
8
Let w(l) = -2*l**3 + l**2 - 1. Let x be w(-1). What is the remainder when 36 is divided by 13*(0 + (3 - x))?
10
Let z(t) = t**2 + 2*t + 2. Let k be z(-3). Suppose -5*g - 4*i - 1 = 0, -1 = 3*g + k*i + 10. What is the remainder when ((56/4)/2)/1 is divided by g?
1
Let z be 9/3 - (-166 + 1). Suppose 7*u = 4*u + z. What is the remainder when u is divided by 19?
18
Let n = 8 + -3. Suppose 4*q - d = 56, -n*q + 0*d + 57 = 2*d. What is the remainder when (74*(-2)/(-16))/((-4)/(-16)) is divided by q?
11
Let x = 51 + -6. What is the remainder when x is divided by 12?
9
Let g = -19 - -75. Calculate the remainder when g is divided by 19.
18
Suppose -5*t + 5*f + 12 = -13, 0 = -4*t - 2*f + 44. What is the remainder when 14 is divided by t?
5
Let c(v) = 6*v**3 - 4*v**2 + v + 3. Let i be c(3). Suppose i = 2*x + 2*x. Calculate the remainder when (x/(-2))/(2/(-4)) is divided by 17.
16
Suppose 2 = 5*d - 18, 20 = h + 4*d. What is the remainder when 8 is divided by 5 + h*(-3)/6?
2
Let x = 57 + -43. Calculate the remainder when 55 is divided by x.
13
Suppose -2*v - p - 1 = 0, -5*p + 6 = -5*v - 4*p. Calculate the remainder when v/((-3)/69*1) is divided by 12.
11
Let h(y) = 5*y - 34. Calculate the remainder when 32 is divided by h(9).
10
Let g be 3*6*(-2)/(-4). Suppose -j + 3*k = 3*j - 13, 0 = j + 5*k - g. What is the remainder when 13 is divided by j?
1
Let a = 28 - 17. Let n = -6 + 10. Suppose -2*u + 8 + n = 0. Calculate the remainder when a is divided by u.
5
Let m = 0 - 0. Suppose -s = -m - 4. Suppose -4*y - 4*t = -24, -y - 18 = -4*y + 5*t. Calculate the remainder when y is divided by s.
2
Let r = -24 - -34. Let a = 14 - r. Suppose -2*k - 3 = -33. What is the remainder when k is divided by a?
3
Suppose -3*f + 5*f - 46 = 0. Let g(k) = 29*k + 2. What is the remainder when g(3) is divided by f?
20
Suppose -5*z = 5*f - 245, 4*f + z - 199 = -4*z. Calculate the remainder when f is divided by 10.
6
Let y = -40 - -57. Suppose -s + 0*s = 0, 4*s - 36 = -4*u. Calculate the remainder when y is divided by u.
8
Let v(j) = j**3 - 4*j**2 + 3*j. Let u be v(3). What is the remainder when (u - -1)/(4/32) is divided by (3/4)/((-1)/(-4))?
2
Let g be -1*-1*(1 + 0). What is the remainder when 34 is divided by 6/(-2) + 15*g?
10
Let w be 26/10 + (-2)/(-5). Suppose 0 = 2*i - w*i + 2. Suppose -6 = -5*h - n, -3*n - 1